and 67720?
40
Calculate the greatest common factor of 969 and 1528759.
323
Calculate the greatest common factor of 42 and 125522.
2
What is the greatest common divisor of 13696 and 13268?
428
What is the highest common factor of 4885028 and 916?
916
What is the greatest common divisor of 1316608 and 37?
37
What is the greatest common factor of 1170 and 692770?
130
What is the greatest common divisor of 4 and 20184?
4
Calculate the highest common divisor of 270227 and 3565.
713
What is the greatest common factor of 1792224 and 252?
252
Calculate the greatest common divisor of 4532 and 176.
44
What is the highest common divisor of 126 and 6137649?
63
What is the highest common factor of 11305 and 534660?
665
What is the greatest common divisor of 216 and 665064?
216
Calculate the greatest common divisor of 26433 and 1188.
297
What is the greatest common factor of 47724 and 60?
12
What is the highest common factor of 40269 and 465?
93
Calculate the greatest common divisor of 63 and 19950.
21
Calculate the highest common factor of 720 and 5784.
24
What is the greatest common divisor of 1288 and 67424?
56
Calculate the greatest common divisor of 525 and 19800.
75
What is the highest common factor of 11656 and 1736?
248
What is the highest common factor of 873 and 5013?
9
What is the greatest common divisor of 360876 and 696?
348
What is the greatest common factor of 121129 and 890?
89
Calculate the highest common divisor of 410 and 508072.
82
Calculate the greatest common divisor of 6660 and 1668.
12
What is the highest common factor of 490 and 201145?
245
Calculate the highest common factor of 108 and 857358.
54
What is the greatest common divisor of 248336 and 56?
8
What is the greatest common factor of 9 and 345354?
3
What is the highest common factor of 11611 and 414581?
683
Calculate the greatest common divisor of 2845 and 55.
5
Calculate the greatest common divisor of 13944 and 2246727.
1743
What is the highest common divisor of 17954 and 54238?
94
What is the highest common divisor of 9 and 161151?
3
Calculate the greatest common divisor of 72 and 336104.
8
Calculate the highest common divisor of 540439 and 158.
79
What is the highest common factor of 28 and 72282?
14
Calculate the highest common divisor of 424130 and 40.
10
Calculate the greatest common divisor of 75159 and 84.
21
Calculate the highest common divisor of 32 and 304696.
8
Calculate the greatest common factor of 7840 and 5390.
490
Calculate the highest common factor of 39804 and 25359.
321
What is the highest common divisor of 26339760 and 15?
15
Calculate the greatest common divisor of 312 and 2281656.
312
What is the greatest common divisor of 597686 and 272?
34
What is the highest common divisor of 752 and 8131?
47
What is the highest common factor of 5851923 and 49?
49
Calculate the greatest common divisor of 222 and 4334550.
222
Calculate the greatest common divisor of 714 and 5670.
42
Calculate the greatest common factor of 440 and 88.
88
What is the highest common factor of 1135 and 9008495?
1135
Calculate the highest common factor of 63488 and 682.
62
What is the greatest common factor of 12291 and 3615?
723
Calculate the highest common factor of 41 and 5036153.
41
What is the highest common divisor of 97773 and 15587?
1417
What is the greatest common divisor of 72 and 110178?
18
What is the greatest common factor of 1795 and 145?
5
What is the highest common divisor of 139 and 289120?
139
What is the highest common divisor of 519990 and 20?
10
Calculate the highest common factor of 12710 and 1066.
82
Calculate the greatest common factor of 218872 and 753.
251
Calculate the greatest common divisor of 25974 and 286.
26
Calculate the greatest common divisor of 248580 and 180.
180
What is the highest common divisor of 105 and 117915?
105
What is the greatest common factor of 99630 and 82?
82
What is the greatest common factor of 8414 and 238?
14
Calculate the greatest common factor of 336 and 16032.
48
Calculate the highest common divisor of 1380984 and 11.
11
What is the greatest common factor of 18 and 250659?
9
Calculate the highest common divisor of 21165 and 578.
17
Calculate the greatest common factor of 66150 and 11950.
50
Calculate the greatest common divisor of 296852 and 1504.
188
Calculate the highest common factor of 298 and 87761.
149
What is the greatest common divisor of 1330827 and 3?
3
Calculate the highest common divisor of 5528 and 658523.
691
Calculate the greatest common divisor of 1032 and 216548.
172
What is the highest common factor of 583106 and 954?
106
Calculate the highest common factor of 246 and 190527.
123
Calculate the greatest common divisor of 1116492 and 663.
663
Calculate the highest common divisor of 12584 and 8632.
104
Calculate the highest common divisor of 14 and 503426.
14
Calculate the greatest common divisor of 33652 and 12172.
716
Calculate the greatest common factor of 1111 and 19921.
11
Calculate the highest common divisor of 7029 and 81.
9
What is the highest common divisor of 757530 and 475?
95
Calculate the highest common divisor of 765 and 1071.
153
Calculate the highest common divisor of 2913640 and 10.
10
What is the highest common factor of 2156 and 247863?
77
What is the greatest common factor of 12760 and 4400?
440
What is the highest common divisor of 239841 and 47?
47
What is the highest common factor of 21206 and 7682?
46
Calculate the greatest common divisor of 8739 and 72.
9
Calculate the greatest common divisor of 534 and 489322.
178
What is the greatest common divisor of 1652 and 661213?
413
What is the greatest common factor of 14832024 and 24?
24
Calculate the highest common factor of 1714 and 230533.
857
What is the highest common divisor of 2120 and 1480?
40
Calculate the highest common divisor of 19224 and 120.
24
What is the greatest common factor of 11292725 and 75?
25
Calculate the highest common divisor of 957702 and 24.
6
What is the greatest common factor of 7584 and 48?
48
Calculate the highest common factor of 32 and 6949616.
16
Calculate the greatest common factor of 2630 and 1840.
10
Calculate the greatest common divisor of 15080 and 115960.
520
What is the highest common divisor of 1056396 and 106?
106
What is the greatest common divisor of 833812 and 97?
97
What is the highest common factor of 1028 and 157027?
257
What is the highest common factor of 228491 and 29?
29
What is the greatest common divisor of 310 and 45570?
310
Calculate the greatest common factor of 336175 and 238.
119
Calculate the highest common divisor of 169 and 23348.
13
Calculate the greatest common factor of 134440 and 20.
20
Calculate the greatest common divisor of 128165 and 15.
5
Calculate the highest common divisor of 173272 and 17542.
358
Calculate the highest common divisor of 100 and 232850.
50
Calculate the highest common factor of 24048 and 720.
144
What is the highest common divisor of 34870 and 110?
110
What is the highest common divisor of 54767 and 4?
1
What is the highest common factor of 3422 and 63248?
118
Calculate the highest common factor of 43 and 127108.
43
Calculate the highest common divisor of 9 and 59193.
9
Calculate the highest common divisor of 289110 and 6555.
345
What is the greatest common divisor of 462 and 4886?
14
What is the highest common factor of 924 and 349404?
132
Calculate the highest common divisor of 2743 and 358489.
211
Calculate the greatest common divisor of 289 and 11182277.
289
What is the highest common divisor of 45 and 8880?
15
Calculate the greatest common factor of 1927330 and 37.
37
What is the highest common divisor of 63 and 73661?
7
Calculate the greatest common divisor of 2 and 269582.
2
Calculate the highest common factor of 3406 and 1326.
26
What is the greatest common divisor of 179365 and 145?
145
Calculate the greatest common divisor of 6455 and 15.
5
What is the greatest common factor of 156520 and 91?
91
Calculate the greatest common factor of 1278 and 112322.
142
Calculate the greatest common divisor of 6552 and 776.
8
Calculate the highest common factor of 35136 and 7564.
244
What is the greatest common factor of 1044 and 2262?
174
What is the highest common factor of 1260 and 571060?
140
What is the highest common factor of 712 and 24742?
178
Calculate